{"id":4386,"date":"2019-02-14T10:15:52","date_gmt":"2019-02-14T09:15:52","guid":{"rendered":"https:\/\/portalescuola.comune.palermo.it\/?page_id=4386"},"modified":"2024-07-19T18:34:22","modified_gmt":"2024-07-19T16:34:22","slug":"calendario-scolastico-a-s-2020-21","status":"publish","type":"page","link":"https:\/\/portalescuola.comune.palermo.it\/?page_id=4386","title":{"rendered":"Calendario scolastico 2023\/24"},"content":{"rendered":"<p>[vc_row css_animation=&#8221;&#8221; row_type=&#8221;row&#8221; use_row_as_full_screen_section=&#8221;no&#8221; type=&#8221;full_width&#8221; angled_section=&#8221;no&#8221; text_align=&#8221;left&#8221; background_image_as_pattern=&#8221;without_pattern&#8221; css=&#8221;.vc_custom_1550053327022{margin-bottom: 100px !important;}&#8221; z_index=&#8221;&#8221;][vc_column width=&#8221;2\/3&#8243;][vc_column_text]Le <strong>attivit\u00e0 didattiche-educative<\/strong> delle scuole dell&#8217;infanzia comunali avranno inizio <strong>il 9 settembre 2024 <\/strong>e termineranno il <strong>27 giugno 2025<\/strong>.<\/p>\n<p>[vc_separator type=&#8217;transparent&#8217; position=&#8217;center&#8217; color=&#8221; thickness=&#8217;10&#8217; up=&#8217;10&#8217; down=&#8221;]<\/p>\n<p><strong>Dal 9 all&#8217;11 settembre 2024 <\/strong>le bambine e i bambini verranno accolti in maniera scaglionata, in modo da favorire un clima rasserenante e positivo.<\/p>\n<p><strong>Dal 12 settembre 2024 le attivit\u00e0 didattiche-educative entreranno a pieno regime.<\/strong><\/p>\n<p>[vc_separator type=&#8217;transparent&#8217; position=&#8217;center&#8217; color=&#8221; thickness=&#8217;10&#8217; up=&#8217;10&#8217; down=&#8221;]<\/p>\n<p>Le <strong>attivit\u00e0 didattiche-educative <\/strong>saranno <strong>sospese<\/strong> nelle giornate di <strong>sabato e domenica<\/strong>, nonch\u00e9 in occasione delle seguenti festivit\u00e0:<\/p>\n<p>[vc_separator type=&#8217;transparent&#8217; position=&#8217;center&#8217; color=&#8221; thickness=&#8217;10&#8217; up=&#8217;10&#8217; down=&#8221;][\/vc_column_text]<div class=\"q_icon_list\"><i class=\"qode_icon_font_awesome fa fa-hand-o-right qode-ili-icon-holder transparent\" style=\"color: #b1c800;\" ><\/i><p style=\"color:#818181;font-weight: 500;\">1 novembre 2024 - Ognissanti<\/p><\/div><div class=\"q_icon_list\"><i class=\"qode_icon_font_awesome fa fa-hand-o-right qode-ili-icon-holder transparent\" style=\"color: #b1c800;\" ><\/i><p style=\"color:#818181;font-weight: 500;\">2 novembre 2024 - Commemorazione dei defunti<\/p><\/div><div class=\"q_icon_list\"><i class=\"qode_icon_font_awesome fa fa-hand-o-right qode-ili-icon-holder transparent\" style=\"color: #b1c800;\" ><\/i><p style=\"color:#818181;font-weight: 500;\">8 dicembre 2024 - Immacolata Concezione<\/p><\/div><div class=\"q_icon_list\"><i class=\"qode_icon_font_awesome fa fa-hand-o-right qode-ili-icon-holder transparent\" style=\"color: #b1c800;\" ><\/i><p style=\"color:#818181;font-weight: 500;\">dal 23 dicembre 2024 al 7 gennaio 2025 - Vacanze di Natale<\/p><\/div><div class=\"q_icon_list\"><i class=\"qode_icon_font_awesome fa fa-hand-o-right qode-ili-icon-holder transparent\" style=\"color: #b1c800;\" ><\/i><p style=\"color:#818181;font-weight: 500;\">dal 17 al 22 aprile 2025 - Vacanze di Pasqua<\/p><\/div><div class=\"q_icon_list\"><i class=\"qode_icon_font_awesome fa fa-hand-o-right qode-ili-icon-holder transparent\" style=\"color: #b1c800;\" ><\/i><p style=\"color:#818181;font-weight: 500;\">25 aprile 2025 - Festa della Liberazione<\/p><\/div><div class=\"q_icon_list\"><i class=\"qode_icon_font_awesome fa fa-hand-o-right qode-ili-icon-holder transparent\" style=\"color: #b1c800;\" ><\/i><p style=\"color:#818181;font-weight: 500;\">1 maggio 2025 - Festa dei Lavoratori<\/p><\/div><div class=\"q_icon_list\"><i class=\"qode_icon_font_awesome fa fa-hand-o-right qode-ili-icon-holder transparent\" style=\"color: #b1c800;\" ><\/i><p style=\"color:#818181;font-weight: 500;\">2 maggio 2025 - Ponte<\/p><\/div><div class=\"q_icon_list\"><i class=\"qode_icon_font_awesome fa fa-hand-o-right qode-ili-icon-holder transparent\" style=\"color: #b1c800;\" ><\/i><p style=\"color:#818181;font-weight: 500;\">2 giugno 2025 - Festa della Repubblica<\/p><\/div><div class=\"q_icon_list\"><i class=\"qode_icon_font_awesome fa fa-hand-o-right qode-ili-icon-holder transparent\" style=\"color: #b1c800;\" ><\/i><p style=\"color:#818181;font-weight: 500;\">dal 1\u00b0 al 31 luglio 2025, ove non venga programmata dall\u2019Amministrazione nessuna attivit\u00e0<\/p><\/div><div class=\"q_icon_list\"><i class=\"qode_icon_font_awesome fa fa-hand-o-right qode-ili-icon-holder transparent\" style=\"color: #b1c800;\" ><\/i><p style=\"color:#818181;font-weight: 500;\">dal 1\u00b0 al 31 agosto 2025<\/p><\/div>[vc_column_text]Il personale docente a tempo indeterminato, ai sensi dell&#8217;art.86 del CCNL integrativo vigente, dovr\u00e0 svolgere un <strong>minimo di 125 ore di attivit\u00e0 integrative annue<\/strong>\u00a0(elevabili a 200 ore in caso di organizzazione di corsi dia aggiornamento e\/o di formazione, partecipazioni ad iniziative, utili alla crescita professionale, nonch\u00e9 ad attivit\u00e0 da svolgersi anche individualmente, verificabili, purch\u00e9 coerenti col profilo professionale rivestito, previa autorizzazione del Dirigente).<\/p>\n<p>Le ore di attivit\u00e0 integrative saranno cos\u00ec articolate:<\/p>\n<p>[vc_separator type=&#8217;transparent&#8217; position=&#8217;center&#8217; color=&#8221; thickness=&#8217;10&#8217; up=&#8217;10&#8217; down=&#8221;][\/vc_column_text]<div class=\"q_icon_list\"><i class=\"qode_icon_font_awesome fa fa-hand-o-right qode-ili-icon-holder transparent\" style=\"color: #637bb7;\" ><\/i><p style=\"color:#818181;font-weight: 500;\">20 ore dal 2 al 6 settembre 2024, dalle 8.00 alle 12.00<\/p><\/div><div class=\"q_icon_list\"><i class=\"qode_icon_font_awesome fa fa-hand-o-right qode-ili-icon-holder transparent\" style=\"color: #637bb7;\" ><\/i><p style=\"color:#818181;font-weight: 500;\">105 ore da ottobre 2024 a giugno 2025, di norma il mercoled\u00ec pomeriggio e\/o altri pomeriggi da programmare periodicamente<\/p><\/div>[vc_column_text]Il <strong>personale docente a tempo parziale e indeterminato<\/strong>\u00a0dovr\u00e0 svolgere attivit\u00e0 integrative cos\u00ec articolate:<\/p>\n<p>[vc_separator type=&#8217;transparent&#8217; position=&#8217;center&#8217; color=&#8221; thickness=&#8217;10&#8217; up=&#8217;10&#8217; down=&#8221;][\/vc_column_text]<div class=\"q_icon_list\"><i class=\"qode_icon_font_awesome fa fa-hand-o-right qode-ili-icon-holder transparent\" style=\"color: #e03361;\" ><\/i><p style=\"color:#818181;font-weight: 500;\">10 ore dal 2 al 6 Settembre 2024<\/p><\/div><div class=\"q_icon_list\"><i class=\"qode_icon_font_awesome fa fa-hand-o-right qode-ili-icon-holder transparent\" style=\"color: #e03361;\" ><\/i><p style=\"color:#818181;font-weight: 500;\">1 rientro pomeridiano di 1 ora a settimana da effettuare da ottobre 2024 a giugno 2025, di norma il mercoled\u00ec pomeriggio<\/p><\/div>[vc_column_text]Le ore effettuate durante l&#8217;anno scolastico per eventuali rientri pomeridiani facoltativi, correlati al PTOF ed in accordo con la Responsabile dell&#8217;U.O. Gestione Servizi Educativi Comunali a Gestione Diretta 3\/6 anni, effettuate in presenza dei bambini e delle bambine, potranno essere utilizzate a riposo compensativo nei periodi di sospensione delle attivit\u00e0 didattiche o nel periodo compreso tra data di fine delle attivit\u00e0 didattiche e il 27 Giugno 2025, purch\u00e9 sia garantito il servizio all&#8217;utenza fino alla conclusione dell&#8217;anno scolastico con l&#8217;avvicendamento delle insegnanti.[\/vc_column_text][\/vc_column][vc_column width=&#8221;1\/3&#8243;][vc_single_image image=&#8221;4389&#8243; img_size=&#8221;full&#8221; alignment=&#8221;center&#8221; qode_css_animation=&#8221;&#8221; qode_hover_animation=&#8221;zoom_in&#8221;][\/vc_column][\/vc_row]<\/p>\n","protected":false},"excerpt":{"rendered":"<p>[vc_row css_animation=&#8221;&#8221; row_type=&#8221;row&#8221; use_row_as_full_screen_section=&#8221;no&#8221; type=&#8221;full_width&#8221; angled_section=&#8221;no&#8221; text_align=&#8221;left&#8221; background_image_as_pattern=&#8221;without_pattern&#8221; css=&#8221;.vc_custom_1550053327022{margin-bottom: 100px !important;}&#8221; z_index=&#8221;&#8221;][vc_column width=&#8221;2\/3&#8243;][vc_column_text]Le attivit\u00e0 didattiche-educative delle scuole dell&#8217;infanzia comunali avranno inizio il 9 settembre 2024 e termineranno il 27 giugno 2025. [vc_separator type=&#8217;transparent&#8217; position=&#8217;center&#8217; color=&#8221; thickness=&#8217;10&#8217; up=&#8217;10&#8217; down=&#8221;] Dal 9 all&#8217;11 settembre 2024 le bambine&#8230;<\/p>\n","protected":false},"author":1,"featured_media":0,"parent":4375,"menu_order":0,"comment_status":"closed","ping_status":"closed","template":"","meta":[],"_links":{"self":[{"href":"https:\/\/portalescuola.comune.palermo.it\/index.php?rest_route=\/wp\/v2\/pages\/4386"}],"collection":[{"href":"https:\/\/portalescuola.comune.palermo.it\/index.php?rest_route=\/wp\/v2\/pages"}],"about":[{"href":"https:\/\/portalescuola.comune.palermo.it\/index.php?rest_route=\/wp\/v2\/types\/page"}],"author":[{"embeddable":true,"href":"https:\/\/portalescuola.comune.palermo.it\/index.php?rest_route=\/wp\/v2\/users\/1"}],"replies":[{"embeddable":true,"href":"https:\/\/portalescuola.comune.palermo.it\/index.php?rest_route=%2Fwp%2Fv2%2Fcomments&post=4386"}],"version-history":[{"count":15,"href":"https:\/\/portalescuola.comune.palermo.it\/index.php?rest_route=\/wp\/v2\/pages\/4386\/revisions"}],"predecessor-version":[{"id":15781,"href":"https:\/\/portalescuola.comune.palermo.it\/index.php?rest_route=\/wp\/v2\/pages\/4386\/revisions\/15781"}],"up":[{"embeddable":true,"href":"https:\/\/portalescuola.comune.palermo.it\/index.php?rest_route=\/wp\/v2\/pages\/4375"}],"wp:attachment":[{"href":"https:\/\/portalescuola.comune.palermo.it\/index.php?rest_route=%2Fwp%2Fv2%2Fmedia&parent=4386"}],"curies":[{"name":"wp","href":"https:\/\/api.w.org\/{rel}","templated":true}]}}