{"id":3665,"date":"2019-02-04T18:10:36","date_gmt":"2019-02-04T17:10:36","guid":{"rendered":"https:\/\/portalescuola.comune.palermo.it\/?page_id=3665"},"modified":"2024-01-23T01:00:15","modified_gmt":"2024-01-23T00:00:15","slug":"servizi-educativi-0-6","status":"publish","type":"page","link":"https:\/\/portalescuola.comune.palermo.it\/?page_id=3665","title":{"rendered":"Servizi educativi 0-6"},"content":{"rendered":"<p>[vc_row css_animation=&#8221;&#8221; row_type=&#8221;row&#8221; use_row_as_full_screen_section=&#8221;no&#8221; type=&#8221;full_width&#8221; angled_section=&#8221;no&#8221; text_align=&#8221;left&#8221; background_image_as_pattern=&#8221;without_pattern&#8221; css=&#8221;.vc_custom_1549300179073{margin-bottom: 100px !important;}&#8221; z_index=&#8221;&#8221;][vc_column width=&#8221;2\/3&#8243;][vc_column_text]<\/p>\n<h3>Sistema Integrato 0-6<\/h3>\n<p>[\/vc_column_text][vc_empty_space][vc_column_text]Il 25 gennaio 2018 \u00e8 stato pubblicato in Gazzetta Ufficiale Il <strong>Piano di azione nazionale per la promozione del Sistema integrato di educazione e di istruzione per i bambini da 0 a 6 anni<\/strong>.<\/p>\n<p>[vc_separator type=&#8217;transparent&#8217; position=&#8217;center&#8217; color=&#8221; thickness=&#8221; up=&#8217;10&#8217; down=&#8217;10&#8217;]<\/p>\n<p>Tale piano definisce le risorse e gli interventi necessari per attuare i punti della<strong> riforma degli asili nido e delle scuole materne<\/strong>.<\/p>\n<p>[vc_separator type=&#8217;transparent&#8217; position=&#8217;center&#8217; color=&#8221; thickness=&#8221; up=&#8217;10&#8217; down=&#8217;10&#8217;]<\/p>\n<p>La riforma 0-6 anni nasce con l\u2019obiettivo di costruire un <strong>sistema di istruzione integrato<\/strong> nella fase pi\u00f9 delicata del percorso educativo; tra le novit\u00e0 vi \u00e8 anche l\u2019introduzione dell\u2019obbligo di laurea per insegnare sia negli asili nido sia nelle scuole materne.<\/p>\n<p>[vc_separator type=&#8217;transparent&#8217; position=&#8217;center&#8217; color=&#8221; thickness=&#8221; up=&#8217;10&#8217; down=&#8217;10&#8217;]<\/p>\n<p>Con il sistema integrato di educazione e istruzione per i bambini dalla nascita fino ai 6 anni si intende promuovere la <strong>continuit\u00e0 nel percorso educativo e scolastico<\/strong>, riducendo svantaggi sociali e culturali e promuovendo la qualit\u00e0 del percorso formativo.<\/p>\n<p>[vc_separator type=&#8217;transparent&#8217; position=&#8217;center&#8217; color=&#8221; thickness=&#8221; up=&#8217;10&#8217; down=&#8217;10&#8217;]<\/p>\n<p>Secondo quanto previsto dal Decreto Legislativo n. 65 del 13 aprile 2017, i servizi educativi per l\u2019infanzia vengono articolati in:<\/p>\n<ul>\n<li><strong>Nidi e micronidi<\/strong>, per bambine e bambini tra 3 e 36 mesi<\/li>\n<li><strong>Sezioni primavera<\/strong>, per bambine e bambini tra 24 e 36 mesi<\/li>\n<li><strong>Scuole dell\u2019infanzia<\/strong>, per bambine e bambini da 3 a 6 anni<\/li>\n<\/ul>\n<p>[vc_separator type=&#8217;transparent&#8217; position=&#8217;center&#8217; color=&#8221; thickness=&#8221; up=&#8217;10&#8217; down=&#8217;10&#8217;]<\/p>\n<p>Un altro aspetto importante del sistema integrato di istruzione per i bimbi da 0 a 3 anni \u00e8 rappresentato dai servizi integrativi, che sono articolati sulla base dei bisogni delle famiglie e si dividono in:<\/p>\n<ul>\n<li><strong>Spazi gioco<\/strong>, per bimbi da 12 a 36 mesi affidati a uno o pi\u00f9 educatori<\/li>\n<li><strong>Centri per bambini e famiglie<\/strong>, per bimbi dai primi mesi di vita accompagnati da un adulto<\/li>\n<li><strong>Servizi educativi in contesto domiciliare<\/strong>, per bimbi da 3 a 36 mesi<\/li>\n<\/ul>\n<p>[vc_separator type=&#8217;transparent&#8217; position=&#8217;center&#8217; color=&#8221; thickness=&#8221; up=&#8217;10&#8217; down=&#8217;10&#8217;]<\/p>\n<p>Per qualsiasi informazione sugli <strong>asili nido<\/strong> e sui <strong>centri per bambini e famiglie <\/strong>del Comune di Palermo, \u00e8 possibile contattare l\u2019Unit\u00e0 organizzativa &#8220;Servizi educativi comunali a gestione diretta 0\/3 &#8220;, guidata dalla Dottoressa Francesca Mazzola:<\/p>\n<ul>\n<li>ai numeri 091 7404380\u00a0 | 091 7404333 | 091 7404305<\/li>\n<li>via e-mail all&#8217;indirizzo asilinido@comune.palermo.it<\/li>\n<\/ul>\n<p>[vc_separator type=&#8217;transparent&#8217; position=&#8217;center&#8217; color=&#8221; thickness=&#8221; up=&#8217;10&#8217; down=&#8217;10&#8217;]<\/p>\n<p>Per qualsiasi informazione sugli <strong>spazi gioco<\/strong> e sugli <strong>asili nido privati convenzionati<\/strong> con il Comune di Palermo, \u00e8 possibile contattare l\u2019Unit\u00e0 organizzativa &#8220;Progettazione e Gestione Amministrativa e Pedagogica Servizi 0-3 a Gestione indiretta&#8221; guidata dalla Dottoressa Tiziana Fornaciari:<\/p>\n<ul>\n<li>ai numeri 091 7404302 | 091 7404313 | 091 7404358<\/li>\n<li>via e-mail all\u2019indirizzo pacinfanzia@comune.palermo.it<\/li>\n<\/ul>\n<p>[vc_separator type=&#8217;transparent&#8217; position=&#8217;center&#8217; color=&#8221; thickness=&#8221; up=&#8217;10&#8217; down=&#8217;10&#8217;]<\/p>\n<p>Per qualsiasi informazione sulle <strong>scuole dell\u2019infanzia<\/strong> del Comune di Palermo \u00e8 possibile contattare l\u2019Unit\u00e0 organizzativa \u201cServizi educativi comunali a gestione diretta 3-6 anni\u201d guidata dalla Dottoressa Margherita Greco:<\/p>\n<ul>\n<li>ai numeri 091 682 33 91 | 091 681 06 36 | 091 686 50 91<\/li>\n<li>via email all\u2019indirizzo scuoleinfanzia@comune.palermo.it<\/li>\n<\/ul>\n<p>[\/vc_column_text][vc_empty_space height=&#8221;20px&#8221;][vc_empty_space height=&#8221;20px&#8221;][vc_column_text]<\/p>\n<h3>Coordinamento Pedagogico<\/h3>\n<p>[\/vc_column_text][vc_empty_space][vc_column_text]Per assicurare l\u2019<strong>unit\u00e0 di indirizzo educativo e gestionale<\/strong> dei servizi educativi rivolti alla fascia 0-6 anni (scuole e nidi d\u2019infanzia, sezioni primavera, servizi integrativi), sia a gestione diretta che indiretta (privata accreditata e in appalto), con disposizione di servizio del 23 gennaio 2019 sono stati costituiti un <strong>Gruppo di Lavoro Pedagogico Centrale<\/strong> e un <strong>Gruppo di Lavoro Pedagogico Decentrato<\/strong>.<\/p>\n<p>[vc_separator type=&#8217;transparent&#8217; position=&#8217;center&#8217; color=&#8221; thickness=&#8221; up=&#8217;10&#8217; down=&#8217;10&#8217;]<\/p>\n<p>Tali organismi si occupano della:<\/p>\n<p>[vc_separator type=&#8217;transparent&#8217; position=&#8217;center&#8217; color=&#8221; thickness=&#8221; up=&#8217;10&#8217; down=&#8217;10&#8217;]<\/p>\n<ul>\n<li>realizzazione di momenti di collegamento e armonizzazione pedagogico-educativi dei servizi per l\u2019infanzia<\/li>\n<li>coerenza degli interventi sul piano organizzativo e gestionale<\/li>\n<li>cura dei rapporti con le strutture private accreditate al fine di garantire la partecipazione delle stesse al sistema integrato dei servizi per l\u2019infanzia<\/li>\n<\/ul>\n<p>[\/vc_column_text][vc_empty_space height=&#8221;22px&#8221;][vc_column_text]Pi\u00f9 specificamente, i componenti del Gruppo di Lavoro Pedagogico Centrale hanno il compito di <strong>promuovere lo sviluppo culturale e sociale dei servizi educativi<\/strong>, elaborando ipotesi pedagogiche, linee metodologiche e modalit\u00e0 di verifica e valutazione.<\/p>\n<p>[vc_separator type=&#8217;transparent&#8217; position=&#8217;center&#8217; color=&#8221; thickness=&#8221; up=&#8217;10&#8217; down=&#8217;10&#8217;]<\/p>\n<p>Di concerto con il Gruppo di Lavoro Decentrato, che opera direttamente con le singole realt\u00e0 operative delle scuole, dei nidi d\u2019infanzia e dei servizi privati accreditati, entrambi gli organismi si occupano di<strong> assicurare la qualit\u00e0, l\u2019efficienza e la trasparenza dei servizi <\/strong>prestati, nonch\u00e9 delle modalit\u00e0 organizzative, delle forme di integrazione con il territorio e di partecipazione con le famiglie.[\/vc_column_text][vc_empty_space height=&#8221;50px&#8221;][\/vc_column][vc_column width=&#8221;1\/3&#8243;][vc_single_image image=&#8221;3565&#8243; img_size=&#8221;full&#8221; alignment=&#8221;center&#8221; qode_css_animation=&#8221;&#8221; qode_hover_animation=&#8221;zoom_in&#8221;][vc_empty_space][vc_single_image image=&#8221;3571&#8243; img_size=&#8221;full&#8221; alignment=&#8221;center&#8221; qode_css_animation=&#8221;&#8221; qode_hover_animation=&#8221;zoom_in&#8221;][vc_empty_space][vc_single_image image=&#8221;3576&#8243; img_size=&#8221;full&#8221; alignment=&#8221;center&#8221; qode_css_animation=&#8221;&#8221; qode_hover_animation=&#8221;zoom_in&#8221;][vc_empty_space][vc_single_image image=&#8221;3407&#8243; img_size=&#8221;full&#8221; alignment=&#8221;center&#8221; qode_css_animation=&#8221;&#8221; qode_hover_animation=&#8221;zoom_in&#8221;][\/vc_column][\/vc_row]<\/p>\n","protected":false},"excerpt":{"rendered":"<p>[vc_row css_animation=&#8221;&#8221; row_type=&#8221;row&#8221; use_row_as_full_screen_section=&#8221;no&#8221; type=&#8221;full_width&#8221; angled_section=&#8221;no&#8221; text_align=&#8221;left&#8221; background_image_as_pattern=&#8221;without_pattern&#8221; css=&#8221;.vc_custom_1549300179073{margin-bottom: 100px !important;}&#8221; z_index=&#8221;&#8221;][vc_column width=&#8221;2\/3&#8243;][vc_column_text] Sistema Integrato 0-6 [\/vc_column_text][vc_empty_space][vc_column_text]Il 25 gennaio 2018 \u00e8 stato pubblicato in Gazzetta Ufficiale Il Piano di azione nazionale per la promozione del Sistema integrato di educazione e di istruzione per i bambini&#8230;<\/p>\n","protected":false},"author":1,"featured_media":0,"parent":0,"menu_order":0,"comment_status":"closed","ping_status":"closed","template":"","meta":[],"_links":{"self":[{"href":"https:\/\/portalescuola.comune.palermo.it\/index.php?rest_route=\/wp\/v2\/pages\/3665"}],"collection":[{"href":"https:\/\/portalescuola.comune.palermo.it\/index.php?rest_route=\/wp\/v2\/pages"}],"about":[{"href":"https:\/\/portalescuola.comune.palermo.it\/index.php?rest_route=\/wp\/v2\/types\/page"}],"author":[{"embeddable":true,"href":"https:\/\/portalescuola.comune.palermo.it\/index.php?rest_route=\/wp\/v2\/users\/1"}],"replies":[{"embeddable":true,"href":"https:\/\/portalescuola.comune.palermo.it\/index.php?rest_route=%2Fwp%2Fv2%2Fcomments&post=3665"}],"version-history":[{"count":32,"href":"https:\/\/portalescuola.comune.palermo.it\/index.php?rest_route=\/wp\/v2\/pages\/3665\/revisions"}],"predecessor-version":[{"id":14902,"href":"https:\/\/portalescuola.comune.palermo.it\/index.php?rest_route=\/wp\/v2\/pages\/3665\/revisions\/14902"}],"wp:attachment":[{"href":"https:\/\/portalescuola.comune.palermo.it\/index.php?rest_route=%2Fwp%2Fv2%2Fmedia&parent=3665"}],"curies":[{"name":"wp","href":"https:\/\/api.w.org\/{rel}","templated":true}]}}

<p>[vc_row css_animation=&#8221;&#8221; row_type=&#8221;row&#8221; use_row_as_full_screen_section=&#8221;no&#8221; type=&#8221;full_width&#8221; angled_section=&#8221;no&#8221; text_align=&#8221;left&#8221; background_image_as_pattern=&#8221;without_pattern&#8221; css=&#8221;.vc_custom_1549300179073{margin-bottom: 100px !important;}&#8221; z_index=&#8221;&#8221;][vc_column width=&#8221;2/3&#8243;][vc_column_text]</p>
<h3>Sistema Integrato 0-6</h3>
<p>[/vc_column_text][vc_empty_space][vc_column_text]Il 25 gennaio 2018 è stato pubblicato in Gazzetta Ufficiale Il <strong>Piano di azione nazionale per la promozione del Sistema integrato di educazione e di istruzione per i bambini da 0 a 6 anni</strong>.</p>
<p>[vc_separator type=&#8217;transparent&#8217; position=&#8217;center&#8217; color=&#8221; thickness=&#8221; up=&#8217;10&#8217; down=&#8217;10&#8217;]</p>
<p>Tale piano definisce le risorse e gli interventi necessari per attuare i punti della<strong> riforma degli asili nido e delle scuole materne</strong>.</p>
<p>[vc_separator type=&#8217;transparent&#8217; position=&#8217;center&#8217; color=&#8221; thickness=&#8221; up=&#8217;10&#8217; down=&#8217;10&#8217;]</p>
<p>La riforma 0-6 anni nasce con l’obiettivo di costruire un <strong>sistema di istruzione integrato</strong> nella fase più delicata del percorso educativo; tra le novità vi è anche l’introduzione dell’obbligo di laurea per insegnare sia negli asili nido sia nelle scuole materne.</p>
<p>[vc_separator type=&#8217;transparent&#8217; position=&#8217;center&#8217; color=&#8221; thickness=&#8221; up=&#8217;10&#8217; down=&#8217;10&#8217;]</p>
<p>Con il sistema integrato di educazione e istruzione per i bambini dalla nascita fino ai 6 anni si intende promuovere la <strong>continuità nel percorso educativo e scolastico</strong>, riducendo svantaggi sociali e culturali e promuovendo la qualità del percorso formativo.</p>
<p>[vc_separator type=&#8217;transparent&#8217; position=&#8217;center&#8217; color=&#8221; thickness=&#8221; up=&#8217;10&#8217; down=&#8217;10&#8217;]</p>
<p>Secondo quanto previsto dal Decreto Legislativo n. 65 del 13 aprile 2017, i servizi educativi per l’infanzia vengono articolati in:</p>
<ul>
<li><strong>Nidi e micronidi</strong>, per bambine e bambini tra 3 e 36 mesi</li>
<li><strong>Sezioni primavera</strong>, per bambine e bambini tra 24 e 36 mesi</li>
<li><strong>Scuole dell’infanzia</strong>, per bambine e bambini da 3 a 6 anni</li>
</ul>
<p>[vc_separator type=&#8217;transparent&#8217; position=&#8217;center&#8217; color=&#8221; thickness=&#8221; up=&#8217;10&#8217; down=&#8217;10&#8217;]</p>
<p>Un altro aspetto importante del sistema integrato di istruzione per i bimbi da 0 a 3 anni è rappresentato dai servizi integrativi, che sono articolati sulla base dei bisogni delle famiglie e si dividono in:</p>
<ul>
<li><strong>Spazi gioco</strong>, per bimbi da 12 a 36 mesi affidati a uno o più educatori</li>
<li><strong>Centri per bambini e famiglie</strong>, per bimbi dai primi mesi di vita accompagnati da un adulto</li>
<li><strong>Servizi educativi in contesto domiciliare</strong>, per bimbi da 3 a 36 mesi</li>
</ul>
<p>[vc_separator type=&#8217;transparent&#8217; position=&#8217;center&#8217; color=&#8221; thickness=&#8221; up=&#8217;10&#8217; down=&#8217;10&#8217;]</p>
<p>Per qualsiasi informazione sugli <strong>asili nido</strong> e sui <strong>centri per bambini e famiglie </strong>del Comune di Palermo, è possibile contattare l’Unità organizzativa &#8220;Servizi educativi comunali a gestione diretta 0/3 &#8220;, guidata dalla Dottoressa Francesca Mazzola:</p>
<ul>
<li>ai numeri 091 7404380  | 091 7404333 | 091 7404305</li>
<li>via e-mail all&#8217;indirizzo asilinido@comune.palermo.it</li>
</ul>
<p>[vc_separator type=&#8217;transparent&#8217; position=&#8217;center&#8217; color=&#8221; thickness=&#8221; up=&#8217;10&#8217; down=&#8217;10&#8217;]</p>
<p>Per qualsiasi informazione sugli <strong>spazi gioco</strong> e sugli <strong>asili nido privati convenzionati</strong> con il Comune di Palermo, è possibile contattare l’Unità organizzativa &#8220;Progettazione e Gestione Amministrativa e Pedagogica Servizi 0-3 a Gestione indiretta&#8221; guidata dalla Dottoressa Tiziana Fornaciari:</p>
<ul>
<li>ai numeri 091 7404302 | 091 7404313 | 091 7404358</li>
<li>via e-mail all’indirizzo pacinfanzia@comune.palermo.it</li>
</ul>
<p>[vc_separator type=&#8217;transparent&#8217; position=&#8217;center&#8217; color=&#8221; thickness=&#8221; up=&#8217;10&#8217; down=&#8217;10&#8217;]</p>
<p>Per qualsiasi informazione sulle <strong>scuole dell’infanzia</strong> del Comune di Palermo è possibile contattare l’Unità organizzativa “Servizi educativi comunali a gestione diretta 3-6 anni” guidata dalla Dottoressa Margherita Greco:</p>
<ul>
<li>ai numeri 091 682 33 91 | 091 681 06 36 | 091 686 50 91</li>
<li>via email all’indirizzo scuoleinfanzia@comune.palermo.it</li>
</ul>
<p>[/vc_column_text][vc_empty_space height=&#8221;20px&#8221;][vc_empty_space height=&#8221;20px&#8221;][vc_column_text]</p>
<h3>Coordinamento Pedagogico</h3>
<p>[/vc_column_text][vc_empty_space][vc_column_text]Per assicurare l’<strong>unità di indirizzo educativo e gestionale</strong> dei servizi educativi rivolti alla fascia 0-6 anni (scuole e nidi d’infanzia, sezioni primavera, servizi integrativi), sia a gestione diretta che indiretta (privata accreditata e in appalto), con disposizione di servizio del 23 gennaio 2019 sono stati costituiti un <strong>Gruppo di Lavoro Pedagogico Centrale</strong> e un <strong>Gruppo di Lavoro Pedagogico Decentrato</strong>.</p>
<p>[vc_separator type=&#8217;transparent&#8217; position=&#8217;center&#8217; color=&#8221; thickness=&#8221; up=&#8217;10&#8217; down=&#8217;10&#8217;]</p>
<p>Tali organismi si occupano della:</p>
<p>[vc_separator type=&#8217;transparent&#8217; position=&#8217;center&#8217; color=&#8221; thickness=&#8221; up=&#8217;10&#8217; down=&#8217;10&#8217;]</p>
<ul>
<li>realizzazione di momenti di collegamento e armonizzazione pedagogico-educativi dei servizi per l’infanzia</li>
<li>coerenza degli interventi sul piano organizzativo e gestionale</li>
<li>cura dei rapporti con le strutture private accreditate al fine di garantire la partecipazione delle stesse al sistema integrato dei servizi per l’infanzia</li>
</ul>
<p>[/vc_column_text][vc_empty_space height=&#8221;22px&#8221;][vc_column_text]Più specificamente, i componenti del Gruppo di Lavoro Pedagogico Centrale hanno il compito di <strong>promuovere lo sviluppo culturale e sociale dei servizi educativi</strong>, elaborando ipotesi pedagogiche, linee metodologiche e modalità di verifica e valutazione.</p>
<p>[vc_separator type=&#8217;transparent&#8217; position=&#8217;center&#8217; color=&#8221; thickness=&#8221; up=&#8217;10&#8217; down=&#8217;10&#8217;]</p>
<p>Di concerto con il Gruppo di Lavoro Decentrato, che opera direttamente con le singole realtà operative delle scuole, dei nidi d’infanzia e dei servizi privati accreditati, entrambi gli organismi si occupano di<strong> assicurare la qualità, l’efficienza e la trasparenza dei servizi </strong>prestati, nonché delle modalità organizzative, delle forme di integrazione con il territorio e di partecipazione con le famiglie.[/vc_column_text][vc_empty_space height=&#8221;50px&#8221;][/vc_column][vc_column width=&#8221;1/3&#8243;][vc_single_image image=&#8221;3565&#8243; img_size=&#8221;full&#8221; alignment=&#8221;center&#8221; qode_css_animation=&#8221;&#8221; qode_hover_animation=&#8221;zoom_in&#8221;][vc_empty_space][vc_single_image image=&#8221;3571&#8243; img_size=&#8221;full&#8221; alignment=&#8221;center&#8221; qode_css_animation=&#8221;&#8221; qode_hover_animation=&#8221;zoom_in&#8221;][vc_empty_space][vc_single_image image=&#8221;3576&#8243; img_size=&#8221;full&#8221; alignment=&#8221;center&#8221; qode_css_animation=&#8221;&#8221; qode_hover_animation=&#8221;zoom_in&#8221;][vc_empty_space][vc_single_image image=&#8221;3407&#8243; img_size=&#8221;full&#8221; alignment=&#8221;center&#8221; qode_css_animation=&#8221;&#8221; qode_hover_animation=&#8221;zoom_in&#8221;][/vc_column][/vc_row]</p>

<p>[vc_row css_animation=&#8221;&#8221; row_type=&#8221;row&#8221; use_row_as_full_screen_section=&#8221;no&#8221; type=&#8221;full_width&#8221; angled_section=&#8221;no&#8221; text_align=&#8221;left&#8221; background_image_as_pattern=&#8221;without_pattern&#8221; css=&#8221;.vc_custom_1549300179073{margin-bottom: 100px !important;}&#8221; z_index=&#8221;&#8221;][vc_column width=&#8221;2/3&#8243;][vc_column_text] Sistema Integrato 0-6 [/vc_column_text][vc_empty_space][vc_column_text]Il 25 gennaio 2018 è stato pubblicato in Gazzetta Ufficiale Il Piano di azione nazionale per la promozione del Sistema integrato di educazione e di istruzione per i bambini&#8230;</p>
