{"id":17702,"date":"2026-05-06T15:28:43","date_gmt":"2026-05-06T13:28:43","guid":{"rendered":"https:\/\/portalescuola.comune.palermo.it\/?page_id=17702"},"modified":"2026-05-06T15:28:43","modified_gmt":"2026-05-06T13:28:43","slug":"darch-dipartimento-di-architettura-unipa","status":"publish","type":"page","link":"https:\/\/portalescuola.comune.palermo.it\/?page_id=17702","title":{"rendered":"DARCH \u2013 Dipartimento di Architettura UniPA"},"content":{"rendered":"<p>Il 12 e 26 marzo 2026, in orario pomeridiano, presso l\u2019Auditorium del plesso Vittorio Emanuele Orlando di Via Lussemburgo sono state avviati incontri di scambio con i docenti, organizzati dalla Prof.ssa Maria Antonietta Spadaro referente in Sicilia di ANISA.<\/p>\n<p>Nel primo incontro la Prof.ssa Spadaro ha parlato del ruolo della scultura pubblica a Palermo, in particolare nel periodo risorgimentale, con focus sui monumenti celebrativi legati alla patria e all\u2019identit\u00e0 nazionale. La Prof.ssa Spadaro ha parlato anche di scultori di Palermo, come Benedetto Civiletti, Vincenzo Ragusa e Mario Rutelli, analizzando opere come il gruppo scultoreo di Civiletti al Giardino Inglese e i monumenti equestri a Vittorio Emanuele II e Giuseppe Garibaldi. \u00c8 stata evidenziata anche l\u2019evoluzione della scultura dall\u2019Ottocento al Novecento verso linguaggi moderni e simbolici. La Prof.ssa Chiara Giubilaro, geografa del Dipartimento di Scienze Umanistiche di UniPA, ha parlato dell\u2019importanza della geografia come spazio di apprendimento, incoraggiando un approccio partecipativo per stimolare l\u2019immaginazione degli studenti; ha portato come esempio un progetto laboratoriale svolto nel quartiere CEP, mostrando come le attivit\u00e0 pratiche possano coinvolgere gli studenti. \u00c8 emersa l\u2019importanza di usare la citt\u00e0 come aula all\u2019aperto e di sviluppare una visione positiva per il futuro dei giovani. Il progetto Panormus \u00e8 stato confermato come uno strumento educativo fondamentale per valorizzare la citt\u00e0.<\/p>\n<p>Nel secondo\u00a0si \u00e8 discusso della toponomastica di Palermo con il Prof. Mario Di Liberto, sottolineando come i nomi delle strade raccontino la storia, le tradizioni e i personaggi della citt\u00e0. \u00c8 stata descritta la suddivisione del centro storico in quattro mandamenti: Palazzo Reale, Monte di Piet\u00e0, Castellammare e Tribunali, tutti convergenti nei Quattro Canti, il fulcro simbolico della citt\u00e0. Il Prof. Di Liberto ha messo in evidenza l\u2019importanza delle targhe, specialmente quelle antiche, che offrono informazioni su mestieri, luoghi significativi e tradizioni. Sono stati esaminati esempi di nomi legati a eventi storici e segnalati errori e curiosit\u00e0 nella toponomastica. La Prof.ssa Spadaro ha aggiunto che la toponomastica riflette i cambiamenti storici e politici di Palermo e da ci\u00f2 la necessit\u00e0 di tutelare il patrimonio urbano. L\u2019incontro ha evidenziato la citt\u00e0 come un\u2019educazione all\u2019aperto.<\/p>\n\n\t\t<style type=\"text\/css\">\n\t\t\t#gallery-1 {\n\t\t\t\tmargin: auto;\n\t\t\t}\n\t\t\t#gallery-1 .gallery-item {\n\t\t\t\tfloat: left;\n\t\t\t\tmargin-top: 10px;\n\t\t\t\ttext-align: center;\n\t\t\t\twidth: 33%;\n\t\t\t}\n\t\t\t#gallery-1 img {\n\t\t\t\tborder: 2px solid #cfcfcf;\n\t\t\t}\n\t\t\t#gallery-1 .gallery-caption {\n\t\t\t\tmargin-left: 0;\n\t\t\t}\n\t\t\t\/* see gallery_shortcode() in wp-includes\/media.php *\/\n\t\t<\/style>\n\t\t<div id='gallery-1' class='gallery galleryid-17702 gallery-columns-3 gallery-size-medium'><dl class='gallery-item'>\n\t\t\t<dt class='gallery-icon landscape'>\n\t\t\t\t<a href='https:\/\/portalescuola.comune.palermo.it\/wp-content\/uploads\/2026\/04\/Locandina.jpg'><img width=\"300\" height=\"280\" src=\"https:\/\/portalescuola.comune.palermo.it\/wp-content\/uploads\/2026\/04\/Locandina-300x280.jpg\" class=\"attachment-medium size-medium\" alt=\"\" loading=\"lazy\" srcset=\"https:\/\/portalescuola.comune.palermo.it\/wp-content\/uploads\/2026\/04\/Locandina-300x280.jpg 300w, https:\/\/portalescuola.comune.palermo.it\/wp-content\/uploads\/2026\/04\/Locandina-768x716.jpg 768w, https:\/\/portalescuola.comune.palermo.it\/wp-content\/uploads\/2026\/04\/Locandina-700x652.jpg 700w, https:\/\/portalescuola.comune.palermo.it\/wp-content\/uploads\/2026\/04\/Locandina.jpg 850w\" sizes=\"(max-width: 300px) 100vw, 300px\" \/><\/a>\n\t\t\t<\/dt><\/dl><dl class='gallery-item'>\n\t\t\t<dt class='gallery-icon landscape'>\n\t\t\t\t<a href='https:\/\/portalescuola.comune.palermo.it\/wp-content\/uploads\/2026\/04\/20260410_171341.jpg'><img width=\"300\" height=\"225\" src=\"https:\/\/portalescuola.comune.palermo.it\/wp-content\/uploads\/2026\/04\/20260410_171341-300x225.jpg\" class=\"attachment-medium size-medium\" alt=\"\" loading=\"lazy\" srcset=\"https:\/\/portalescuola.comune.palermo.it\/wp-content\/uploads\/2026\/04\/20260410_171341-300x225.jpg 300w, https:\/\/portalescuola.comune.palermo.it\/wp-content\/uploads\/2026\/04\/20260410_171341-768x576.jpg 768w, https:\/\/portalescuola.comune.palermo.it\/wp-content\/uploads\/2026\/04\/20260410_171341-700x525.jpg 700w, https:\/\/portalescuola.comune.palermo.it\/wp-content\/uploads\/2026\/04\/20260410_171341.jpg 800w\" sizes=\"(max-width: 300px) 100vw, 300px\" \/><\/a>\n\t\t\t<\/dt><\/dl><dl class='gallery-item'>\n\t\t\t<dt class='gallery-icon landscape'>\n\t\t\t\t<a href='https:\/\/portalescuola.comune.palermo.it\/wp-content\/uploads\/2026\/04\/20260410_170441.jpg'><img width=\"300\" height=\"225\" src=\"https:\/\/portalescuola.comune.palermo.it\/wp-content\/uploads\/2026\/04\/20260410_170441-300x225.jpg\" class=\"attachment-medium size-medium\" alt=\"\" loading=\"lazy\" srcset=\"https:\/\/portalescuola.comune.palermo.it\/wp-content\/uploads\/2026\/04\/20260410_170441-300x225.jpg 300w, https:\/\/portalescuola.comune.palermo.it\/wp-content\/uploads\/2026\/04\/20260410_170441-768x576.jpg 768w, https:\/\/portalescuola.comune.palermo.it\/wp-content\/uploads\/2026\/04\/20260410_170441-700x525.jpg 700w, https:\/\/portalescuola.comune.palermo.it\/wp-content\/uploads\/2026\/04\/20260410_170441.jpg 800w\" sizes=\"(max-width: 300px) 100vw, 300px\" \/><\/a>\n\t\t\t<\/dt><\/dl><br style=\"clear: both\" \/>\n\t\t<\/div>\n\n","protected":false},"excerpt":{"rendered":"<p>Il 12 e 26 marzo 2026, in orario pomeridiano, presso l\u2019Auditorium del plesso Vittorio Emanuele Orlando di Via Lussemburgo sono state avviati incontri di scambio con i docenti, organizzati dalla Prof.ssa Maria Antonietta Spadaro referente in Sicilia di ANISA. Nel primo incontro la Prof.ssa Spadaro&#8230;<\/p>\n","protected":false},"author":1,"featured_media":0,"parent":17500,"menu_order":0,"comment_status":"closed","ping_status":"closed","template":"","meta":[],"_links":{"self":[{"href":"https:\/\/portalescuola.comune.palermo.it\/index.php?rest_route=\/wp\/v2\/pages\/17702"}],"collection":[{"href":"https:\/\/portalescuola.comune.palermo.it\/index.php?rest_route=\/wp\/v2\/pages"}],"about":[{"href":"https:\/\/portalescuola.comune.palermo.it\/index.php?rest_route=\/wp\/v2\/types\/page"}],"author":[{"embeddable":true,"href":"https:\/\/portalescuola.comune.palermo.it\/index.php?rest_route=\/wp\/v2\/users\/1"}],"replies":[{"embeddable":true,"href":"https:\/\/portalescuola.comune.palermo.it\/index.php?rest_route=%2Fwp%2Fv2%2Fcomments&post=17702"}],"version-history":[{"count":1,"href":"https:\/\/portalescuola.comune.palermo.it\/index.php?rest_route=\/wp\/v2\/pages\/17702\/revisions"}],"predecessor-version":[{"id":17703,"href":"https:\/\/portalescuola.comune.palermo.it\/index.php?rest_route=\/wp\/v2\/pages\/17702\/revisions\/17703"}],"up":[{"embeddable":true,"href":"https:\/\/portalescuola.comune.palermo.it\/index.php?rest_route=\/wp\/v2\/pages\/17500"}],"wp:attachment":[{"href":"https:\/\/portalescuola.comune.palermo.it\/index.php?rest_route=%2Fwp%2Fv2%2Fmedia&parent=17702"}],"curies":[{"name":"wp","href":"https:\/\/api.w.org\/{rel}","templated":true}]}}