{"id":11999,"date":"2022-03-09T11:18:57","date_gmt":"2022-03-09T10:18:57","guid":{"rendered":"https:\/\/portalescuola.comune.palermo.it\/?page_id=11999"},"modified":"2022-03-09T11:18:57","modified_gmt":"2022-03-09T10:18:57","slug":"cup-song-un-tuffo-in-un-mare-di-ritmo","status":"publish","type":"page","link":"https:\/\/portalescuola.comune.palermo.it\/?page_id=11999","title":{"rendered":"CUP SONG : UN TUFFO IN UN MARE DI RITMO"},"content":{"rendered":"<p>[vc_row css_animation=&#8221;&#8221; row_type=&#8221;row&#8221; use_row_as_full_screen_section=&#8221;no&#8221; type=&#8221;full_width&#8221; angled_section=&#8221;no&#8221; text_align=&#8221;left&#8221; background_image_as_pattern=&#8221;without_pattern&#8221;][vc_column][vc_column_text]<\/p>\n<h1>CUP SONG : UN TUFFO IN UN MARE DI RITMO<\/h1>\n<p>[\/vc_column_text][vc_empty_space height=&#8221;20px&#8221;][vc_column_text]<\/p>\n<h2>Ics Pirandello Borgo Ulivia &#8211; Scuola secondaria di primo grado<\/h2>\n<p>[\/vc_column_text][vc_empty_space height=&#8221;20px&#8221;][vc_column_text]&#8221;CUP SONG&#8221; consiste nell&#8217;esecuzione di una sequenza ritmica (body percussion e bicchieri), con l&#8217;aggiunta di coro e orchestra. Sviluppa il senso del ritmo e la coordinazione motoria contribuendo alla maturazione del gusto melodico e armonico. I ragazzi esprimono la loro personalit\u00e0 dalla percezione del s\u00e9 fisico (la postura e il rapporto con lo spazio) alla comprensione di un nuovo modo di fruire la musica. E come il mare, la musica rappresenta un elemento di vera aggregazione sociale e di superamento delle diversit\u00e0 (ragazzi con difficolt\u00e0 di apprendimento o di diverse provenienze geografiche). L&#8217; esecuzione verr\u00e0 integrata da una mostra di elaborati grafici dedicati al mare, pertanto si richiede l&#8217;uso della sala grande.[\/vc_column_text][\/vc_column][\/vc_row][vc_row css_animation=&#8221;&#8221; row_type=&#8221;row&#8221; use_row_as_full_screen_section=&#8221;no&#8221; type=&#8221;full_width&#8221; angled_section=&#8221;no&#8221; text_align=&#8221;left&#8221; background_image_as_pattern=&#8221;without_pattern&#8221;][vc_column][vc_column_text][\/vc_column_text][\/vc_column][\/vc_row][vc_row css_animation=&#8221;&#8221; row_type=&#8221;row&#8221; use_row_as_full_screen_section=&#8221;no&#8221; type=&#8221;full_width&#8221; angled_section=&#8221;no&#8221; text_align=&#8221;left&#8221; background_image_as_pattern=&#8221;without_pattern&#8221;][vc_column][\/vc_column][\/vc_row]<\/p>\n","protected":false},"excerpt":{"rendered":"<p>[vc_row css_animation=&#8221;&#8221; row_type=&#8221;row&#8221; use_row_as_full_screen_section=&#8221;no&#8221; type=&#8221;full_width&#8221; angled_section=&#8221;no&#8221; text_align=&#8221;left&#8221; background_image_as_pattern=&#8221;without_pattern&#8221;][vc_column][vc_column_text] CUP SONG : UN TUFFO IN UN MARE DI RITMO [\/vc_column_text][vc_empty_space height=&#8221;20px&#8221;][vc_column_text] Ics Pirandello Borgo Ulivia &#8211; Scuola secondaria di primo grado [\/vc_column_text][vc_empty_space height=&#8221;20px&#8221;][vc_column_text]&#8221;CUP SONG&#8221; consiste nell&#8217;esecuzione di una sequenza ritmica (body percussion e bicchieri), con l&#8217;aggiunta&#8230;<\/p>\n","protected":false},"author":1,"featured_media":0,"parent":11813,"menu_order":0,"comment_status":"open","ping_status":"closed","template":"","meta":[],"_links":{"self":[{"href":"https:\/\/portalescuola.comune.palermo.it\/index.php?rest_route=\/wp\/v2\/pages\/11999"}],"collection":[{"href":"https:\/\/portalescuola.comune.palermo.it\/index.php?rest_route=\/wp\/v2\/pages"}],"about":[{"href":"https:\/\/portalescuola.comune.palermo.it\/index.php?rest_route=\/wp\/v2\/types\/page"}],"author":[{"embeddable":true,"href":"https:\/\/portalescuola.comune.palermo.it\/index.php?rest_route=\/wp\/v2\/users\/1"}],"replies":[{"embeddable":true,"href":"https:\/\/portalescuola.comune.palermo.it\/index.php?rest_route=%2Fwp%2Fv2%2Fcomments&post=11999"}],"version-history":[{"count":1,"href":"https:\/\/portalescuola.comune.palermo.it\/index.php?rest_route=\/wp\/v2\/pages\/11999\/revisions"}],"predecessor-version":[{"id":12000,"href":"https:\/\/portalescuola.comune.palermo.it\/index.php?rest_route=\/wp\/v2\/pages\/11999\/revisions\/12000"}],"up":[{"embeddable":true,"href":"https:\/\/portalescuola.comune.palermo.it\/index.php?rest_route=\/wp\/v2\/pages\/11813"}],"wp:attachment":[{"href":"https:\/\/portalescuola.comune.palermo.it\/index.php?rest_route=%2Fwp%2Fv2%2Fmedia&parent=11999"}],"curies":[{"name":"wp","href":"https:\/\/api.w.org\/{rel}","templated":true}]}}